 2))) + 3
-30
2 - -6 - ((3 - -23) + -4)
-14
What is 18 + -14 + 9 + -1 + 8 + 6?
26
Evaluate 21 - -2 - (640 + -632).
15
Evaluate 1 + 13 + (-12 - (-4 - 8)).
14
Calculate 16 + (22 - (23 + 22)).
-7
Calculate 10 - ((-11 - -5 - -11) + 0).
5
(6 - (-1 - (6 + -6))) + (-19 - -3)
-9
7 + (9 - (2 + (5 - 15 - -6)))
18
Calculate 8 + (41 + -47 - (-7 - 2)).
11
Evaluate -5 + 2 - (-87 + 71).
13
Calculate (-10 - -14 - -1) + -1.
4
(23 - 49) + 10 + (-3 - -5)
-14
Calculate (7 + (-16 - 3) - 6) + 5.
-13
What is 17 + -11 + (6 - 16) - 14?
-18
Evaluate -7 - (-26 + -14 + 15 + 12).
6
What is 11 + (14 - -10 - 50)?
-15
What is the value of (27 - 47) + 35 + -1 + 6?
20
11 - 14 - 14 - -34
17
-16 - -6 - (-12 + 3)
-1
Calculate (-15 - (4 + 3 + -15)) + 2.
-5
What is -12 - (-7 - (0 - 6 - (4 - 6)))?
-9
What is -44 - -23 - -35 - 0?
14
Calculate (-5 - -6 - 6) + (4 - -2) + -3.
-2
What is the value of (51 - 44) + (-3 - (-1 + -7))?
12
Evaluate (-26 - -44) + -8 + -22.
-12
What is -6 + 0 - (9 - 8 - 2 - 5)?
0
What is -16 + -4 + 31 + -21 + 1 - 17?
-26
-22 - (-30 - -12) - 12
-16
What is -22 - (11 - 4) - -15 - 4?
-18
Calculate -10 + 8 + 1 + -7 - (-17 - -2).
7
What is the value of 1 + -7 + 11 + 2 + (1 - -4)?
12
What is (-13 - (-12 + 0)) + -8 - -23?
14
What is (-24 - -2) + 23 + -36?
-35
What is the value of (-5 - 0) + (-357 - -355) + (2 - 10)?
-15
4 - -16 - 29 - 7
-16
(9 - 7) + -4 - (22 + -16)
-8
What is (32 - (48 - 6)) + -23?
-33
Calculate (3 - (7 + 6 + -3)) + -4.
-11
Calculate -1 - (-2 - (6 + 3 + -4 + -2)).
4
What is 0 + -3 + 5 + -27 + (8 - -46)?
29
Evaluate 7 + (-2 + 15 - 7) + 6 + -7.
12
Calculate 7 + (-1 + -4 + 3 - -1).
6
-18 + (-36 + 61 - -17)
24
What is 24 - (54 + -21 + 6)?
-15
What is the value of 1 + (3 - 6) - (15 + -11)?
-6
What is 20 + 0 + -385 + 388?
23
What is -13 + 0 + -469 + 480 + 6 + 1?
5
What is 17 - (6 + (-2 - -5) + -5)?
13
Evaluate 18 + -22 + (17 - 0).
13
Evaluate -2 + 35 + (-13 - (3 - 16)) + -5.
28
Evaluate 8 + (-4 - -2 - 2) + 4.
8
What is the value of 11 + -7 - 11 - -8 - -3?
4
18 - 28 - (-3 + -29) - 9
13
What is -4 + 9 + (-28 - -36)?
13
Evaluate (36 - 24) + -5 + -15.
-8
-7 + (0 - -7) - 10
-10
Calculate (-1 - (-5 - 11)) + 0.
15
What is -6 - -12 - -3 - (-15 - -38)?
-14
What is -12 - (-4 - (12 - (2 + -5)))?
7
Calculate 7 - (4 + -5 + -3 + (2 - 5)).
14
Evaluate 41 + -22 + -21 + 21.
19
(-12 - 2 - -16) + -7
-5
Evaluate 18 - -20 - (8 - (6 - 9)) - -1.
28
What is the value of 5 + -27 + 5 - (-6 + 3)?
-14
Evaluate 7 - (28 - (10 + -1)).
-12
Evaluate -4 + 3 + (-6 + 7 - 7) - 1.
-8
Calculate -32 - (21 - (22 + 14)).
-17
What is the value of 690 + -680 - (-1 - -4)?
7
What is 4 - (-8 - (-16 - -4))?
0
(2 + -5 - 0) + (-5 - 8 - -3)
-13
Evaluate -2 - 3 - (7 - (-1 + 4)).
-9
(-12 - (-25 - (2 + -3))) + -28
-16
What is (-687 - -694) + -14 + 0 + 2?
-5
Calculate -18 + (-1 + -6 - -1 - (1773 + -1784)).
-13
Evaluate 3 + 0 + 2 + -2.
3
What is (-2 - (-19 + 12)) + -8 + 2?
-1
Evaluate 4 + (8 + -16 + 20 - 19).
-3
Calculate 6 + -5 + (0 - -1) + (-4 - -3).
1
What is the value of -945 + 907 + (35 - -2)?
-1
What is the value of (-19 - -1) + (254 - 220)?
16
Evaluate -1 - ((-3 - (10 - 14)) + 3).
-5
What is the value of (29 - 61) + (2 - -12)?
-18
What is the value of -2 + -1 - (52 + (-94 - -9))?
30
What is the value of -112 + 87 - (-16 - 3)?
-6
What is the value of (-11 + 3 - -19) + (-31 - -13)?
-7
What is 11 + -54 - -21 - -19?
-3
-17 - -2 - ((-1 - (-9 + 5)) + -6)
-12
What is the value of -11 - (-20 + (-8 - -9)) - 30?
-22
-3 + 2 + -3 + -1 - (0 - 6)
1
Evaluate -74 - -62 - (2 + 1 + -33 + -2).
20
(9 - 11) + (-20 + -5 - -15)
-12
What is the value of 27 + -21 + -1 + -7 + 2?
0
-13 + 2 + 6 + -5
-10
(-1 - -6 - (-12 + 14)) + 8
11
-47 + 59 - 24 - (-1 + (-1 - 3))
-7
-13 + (-15 - -74 - 16)
30
What is 72 - 76 - (-9 + 0) - -9?
14
Calculate 5 + (-5 - 29 - -37).
8
What is the value of 9 + (6 - (7 + -1)) + -16 + -8?
-15
Evaluate (-5 - (1 + -5)) + 9 - (4 - 2).
6
72 + (-21 - (46 - 31))
36
-13 - -21 - 6 - (40 + 2)
-40
(4 - -1) + 27 + -26 - 0 - 4
2
-21 + 12 + (0 - 3) + -1
-13
Calculate 0 + -2 + 2 + -5 + (38 - 37).
-4
What is 12 - (-11 + 15 - 3)?
11
(3 - ((-2 - 2) + 3)) + -6 - 0
-2
Evaluate 17 + -3 + -5 - (2 + -2 + 0).
9
Evaluate (9 - 19 - -1) + (31 - 16).
6
Evaluate (6 - -4 - (-8 + 4 + 7)) + -2.
5
What is the value of (-2 - ((5 - 17) + 3)) + 0 + -5?
2
Evaluate -39 - (17 + 14 + -24 - 15).
-31
(6 - 11) + (-5 - 15 - -11)
-14
Evaluate 12 + 12 + -20 + -6.
-2
Evaluate -6 + (5 - 0 - (-11 + (-10 - -5))).
15
6 + (-1 - 16) + (2 - -1)
-8
Calculate (-17 - (7 - 20)) + 9.
5
What is the value of 8 - ((-6 - 4 - -16) + -12)?
14
Evaluate (8 - 22) + 11 - (4 - -8).
-15
-24 - -2 - (-37 + 25)
-10
Evaluate 182 + -182 + (-1 + 0 - -15).
14
-2 + (-2 - -11) - (-8 + 6 - 4)
13
What is (0 + -1 + -5 - 1) + 37 + -18?
12
What is the value of 15 + -24 + -15 - -6?
-18
Evaluate 0 - (-40 + 37) - (0 + (13 - -1)).
-11
What is (34 - 9) + (-12 - -8)?
21
What is -7 + (-6 - (3 - 27)) + -11 + 6?
6
Calculate 2 + (33 - 28) - -14.
21
What is 2 + -7 - (-2 - -3) - (-61 + 59)?
-4
What is (34 - 2) + -1 + (168 - 181)?
18
What is the value of (-4377 - -4365) + (0 - (1 - -7) - -1)?
-19
What is the value of 3 + -24 - (-3 - 10 - (-11 - -1))?
-18
Calculate -10 + 1 - 1 - (-136 + 142).
-16
What is the value of -16 - (-20 - -13) - -3?
-6
Evaluate -20 - (-23 + -7 + 18).
-8
What is the value of (-17 - (17 - 35)) + -7?
-6
Calculate -3 + (18 - 3) + -1 + -20.
-9
What is -5 + 2 + (4 - 16) + 7?
-8
What is the value of (0 - 3) + -1 - (-92 + 78 - 20)?
30
What is the value of 50 + (-3 - (-31 + 66))?
12
Calculate 20 + -1 + (-646 - -629).
2
Calculate 10 + (-11 - (-3 + -11)).
13
Calculate 20 + -11 + 10 + -11 + 0 + 4.
12
-23 + (-15 + 6 - (-15 - (3 - 0)))
-14
Calculate (6 - 19) + (5 - (1 - -2)).
-11
Evaluate (16 - (10 + 0) - (-3 - -1)) + -17.
-9
What is (2 - -2 - 0) + 52 + -51 - -2?
7
12 + 5 + 1 + (-8 - -9)
19
What is the value of -3 - 0 - (1 + (12 - 1))?
-15
Calculate 1 + -2 + (0 - 4) + 14.
9
What is 21 - ((10 - 40) + 29)?
22
Evaluate 0 + -1 + 7 + -57 + (-39 - -105).
15
Calculate -3 - -13 - (-15 - -21).
4
Evaluate (-22 + -4 + 14 - 0) + -8 + 1.
-19
What is 2 + (-5 - 3) + 3?
-3
What is (7 - (-9 - -27)) + 20?
9
(21 - 9) + (-21 - -26)
17
What is the value of 2 - -17 - (0 + 7 + -3 + 2)?
13
Calculate 1 - 2 - (-20 - (-15 + 11)).
15
What is (2 - 6) + (-34 - -44)?
6
What is -5 - (0 + (-41 - -22))?
14
What is the value of -12 - ((13 - 28) + 39 + -11)?
-25
What is -16 + 4 + (-4 - (-2 + (3 - -1)))?
-18
What is (0 - -5) + (-40 - -25)?
-10
What is the value of (-14 - (4 - 18)) + 2?
2
18 + (27 - 104) + 31
-28
-24 + 12 + 31 + -3
16
(-1 - (5 + -2) - 2) + (6 - -9)
9
What is the value of 16 + (12 - 22) + 1 + -15?
-8
What is the value of 5 + 6 - (10 - -4) - -9?
6
Calculate (12 - 12) + (-4 - -2 - (19 + -13)).
-8
What is the value of 4 - (10 + (-31 - (-3 - 9)))?
13
Evaluate -13 - (3 - 23) - (12 + (3 - 6)).
-2
Calculate 313 + -354 + 20 + 4.
-17
What is the value of (-3 - -3) + -3 + 0 - (207 - 202)?
-8
What is -2 - ((2 - 2) + -1 - (8 + -5))?
2
Calculate -17 + 4 + 1 + 23.
11
Evaluate 6 + (-11 - -3 - 2) - -10.
6
What is the value of -77 - -99 - (5 - (-2 + 1))?
16
What is -21 + 60 + -60 - 14?
-35
Calculate 0 + 6 - ((-8 - (2 - 14)) + 8).
-6
Calculate (2 - 3) + (1 - (7 - -3)) + 5.
-5
Evaluate 4 + -1 + (-2 - 5 - -6) + -11.
-9
Calculate -24 + (10 - (-5 - 23)).
14
What is the value of -157 - -157 - (0 - 1)?
1
17 - (12 + -7 + 3 + -6 + 5)
10
Calculate 11 - ((4 - 1) + 6 + (1 - 9)).
10
-56 + 33 - (17 + -52)
12
What is (22 - (42 + -16)) + -2 + (5 - 1)?
-2
What is the value of 1297 - 1266 - (-3 - -1)?
33
((-7 - 2) + 17 - 8) + -6
-6
What is 6 + -4 + 2 - (44 + 16 + -43)?
-13
Evaluate 8 + (-4 - (5 + -17 + 7)).
9
12 + 3 + (-11 - 6) + 32
30
What is the value of -46 + (24 - (34 + -24))?
-32
Evaluate -3 + 1 + (-2 + -5 - (-2 - 10)).
3
What is -34 - (2 + -29) - -19?
12
What is -24 + (6 - -3) - (-2 + -5)?
-8
-2 - -5 - (-2 + 0)
5
Calculate -25 + 13 + 8 + -2 + (-3 - -19).
10
What is (-2 - (10 + -7)) + (30 - -12) - 8?
29
1 - ((8 - 23) + 6 + 5 + -3)
8
(0 - -1) + (2 - (4 - 3))
2
Calculate -19 + (15 + -18 - -24).
2
What is the value of (-2 - -12) + -41 + 20 - 3?
-14
What is 11 + (-17 - -2 - -8)?
4
What is 0 + 8 - (386 + -366)?
-12
What is -11 + (-12 + (8 - -15) - 4)?
-4
What is -8 - ((-1 - (-8 + 7)) + -6)?
-2
What is the value of (12 - 1) + -1 - (-183 - -190)?
3
